{"id":291,"date":"2020-11-24T04:19:28","date_gmt":"2020-11-24T07:19:28","guid":{"rendered":"http:\/\/agrohome.com.br\/?page_id=291"},"modified":"2020-12-20T07:35:32","modified_gmt":"2020-12-20T10:35:32","slug":"estudos","status":"publish","type":"page","link":"https:\/\/agrohome.com.br\/?page_id=291","title":{"rendered":"Estudos"},"content":{"rendered":"<div id=\"cs-content\" class=\"cs-content\"  >\n<div class=\"e291-1 x-section\" >\n    \n  \n<div class=\"e291-2 x-row\" >\n    <div class=\"x-row-inner\">\n<div class=\"e291-3 x-col\" >\n    \n<hr class=\"e291-4 x-line\" \/>\n  <\/div>\n\n<div class=\"e291-5 x-col\" >\n    \n<i class=\"e291-6 x-icon\" aria-hidden=\"true\" data-x-icon-l=\"&#xf5db;\" ><\/i>\n  <\/div>\n\n<div class=\"e291-7 x-col\" >\n    \n<hr class=\"e291-8 x-line\" \/>\n  <\/div>\n<\/div>\n  <\/div>\n    <\/div>\n\n<div class=\"e291-9 x-section\" >\n      \n<div class=\"e291-10 x-container max width\" >\n    \n<div class=\"e291-11 x-column x-sm x-1-1\" >\n    \n<div class=\"e291-12 x-text x-text-headline\" >\n  <div class=\"x-text-content\"><div class=\"x-text-content-text\"><p class=\"x-text-content-text-primary\">AQUI VOC&Ecirc; ENCONTRA OS ESTUDOS<\/p><p class=\"x-text-content-text-subheadline\">que subsidiam os conte&uacute;dos que abordamos aqui&nbsp;<\/p><\/div><\/div><\/div>\n<\/div>\n<\/div>\n    <\/div>\n\n<div class=\"e291-13 x-section\" id=\"EstudoNASA\" >\n      \n<div class=\"e291-14 x-row x-container max width\" >\n    <div class=\"x-row-inner\">\n<div class=\"e291-15 x-col\" >\n    \n<div class=\"e291-16 x-text x-text-headline\" >\n  <div class=\"x-text-content\"><div class=\"x-text-content-text\"><p class=\"x-text-content-text-primary\">NASA - ESTUDO SOBRE PLANTAS E QUALIDADE DO AR<\/p><\/div><\/div><\/div>\n  <\/div>\n<\/div>\n  <\/div>\n\n<div class=\"e291-17 x-row x-container max width\" >\n    <div class=\"x-row-inner\">\n<div class=\"e291-18 x-col\" >\n    \n<div class=\"e291-19 x-text resp-p-timeline\" >\n  <p style=\"text-align: justify;\">Em 1989, o estudo denominado Landscape Plants for Indoor Air Pollution Abatement, conhecido como NASA Clean Air, conduzido pela ag&ecirc;ncia norte-americana espacial para buscar maneiras de limpar o ar em esta&ccedil;&otilde;es espaciais, identificou que algumas plantas como a Espada de S&atilde;o Jorge s&atilde;o de fato eficazes para filtrar poluentes do ar em ambiente interno.<\/p><\/div>\n  <\/div>\n\n<div class=\"e291-20 x-col\" >\n    \n<span class=\"e291-21 x-image\" >\n  <img src=\"http:\/\/agrohome.com.br\/wp-content\/uploads\/2020\/12\/NASA-CapaEstudo.jpg\" width=\"500\" height=\"650\" alt=\"Image\" loading=\"lazy\" >\n<\/span>\n  <\/div>\n<\/div>\n  <\/div>\n\n<div class=\"e291-22 x-row x-container max width\" >\n    <div class=\"x-row-inner\">\n<div class=\"e291-23 x-col\" >\n    \n<a class=\"e291-24 x-anchor x-anchor-button\" tabindex=\"0\" href=\"http:\/\/agrohome.com.br\/wp-content\/uploads\/2020\/12\/NASA-EstudoPlantasQAI.pdf\" target=\"_blank\" >\n\n  \n    <div class=\"x-anchor-content\">\n            <div class=\"x-anchor-text\"><span class=\"x-anchor-text-primary\" >CLIQUE AQUI PARA AcESSAR O ESTUDO<\/span><\/div>          <\/div>\n\n        \n  \n<\/a>\n  <\/div>\n<\/div>\n  <\/div>\n    <\/div>\n\n<div class=\"e291-25 x-section\" id=\"EstudoINDIA\" >\n      \n<div class=\"e291-26 x-row x-container max width\" >\n    <div class=\"x-row-inner\">\n<div class=\"e291-27 x-col\" >\n    \n<div class=\"e291-28 x-text x-text-headline\" >\n  <div class=\"x-text-content\"><div class=\"x-text-content-text\"><h2 class=\"x-text-content-text-primary\">&Iacute;NDIA - BENEF&Iacute;CIOS DA PLANTAS NA PERFORMANCE E SA&Uacute;DE<\/h2><\/div><\/div><\/div>\n  <\/div>\n<\/div>\n  <\/div>\n\n<div class=\"e291-29 x-row x-container max width\" >\n    <div class=\"x-row-inner\">\n<div class=\"e291-30 x-col\" >\n    \n<div class=\"e291-31 x-text resp-p-timeline\" >\n  <p style=\"text-align: justify;\">O governo indiano realizou estudo sobre como algumas plantas melhoram o Qualidade do Ar Interno (QAI), dentre elas a Espada de S\u00e3o Jorge (mother-in-law's tongue). Foram monitorados 300 trabalhadores durante 15 anos concluindo que plantas no ambiente aumentam em cerca de 20% a produtividade.\u00a0 Al\u00e9m da melhorar a redu\u00e7\u00e3o dos poluentes no ar interno, o conforto t\u00e9rmico ficou menos dependente do ar-condicionado economizando-se 15% de energia. Ainda houve significante redu\u00e7\u00e3o nos problemas de sa\u00fade, reduzindo o absente\u00edsmo.<\/p>\n<p><\/p><\/div>\n  <\/div>\n\n<div class=\"e291-32 x-col\" >\n    \n<span class=\"e291-33 x-image\" >\n  <img src=\"http:\/\/agrohome.com.br\/wp-content\/uploads\/2020\/12\/INDIA-PlantsBenefits.jpg\" width=\"500\" height=\"650\" alt=\"Image\" loading=\"lazy\" >\n<\/span>\n  <\/div>\n<\/div>\n  <\/div>\n\n<div class=\"e291-34 x-row x-container max width\" >\n    <div class=\"x-row-inner\">\n<div class=\"e291-35 x-col\" >\n    \n<a class=\"e291-36 x-anchor x-anchor-button\" tabindex=\"0\" href=\"http:\/\/agrohome.com.br\/wp-content\/uploads\/2020\/12\/INDIA-PlantsBenefits-1.pdf\" target=\"_blank\" >\n\n  \n    <div class=\"x-anchor-content\">\n            <div class=\"x-anchor-text\"><span class=\"x-anchor-text-primary\" >CLIQUE AQUI PARA AcESSAR O ESTUDO<\/span><\/div>          <\/div>\n\n        \n  \n<\/a>\n  <\/div>\n<\/div>\n  <\/div>\n    <\/div>\n\n<div class=\"e291-37 x-section\" id=\"EstudoHARVARD\" >\n      \n<div class=\"e291-38 x-row x-container max width\" >\n    <div class=\"x-row-inner\">\n<div class=\"e291-39 x-col\" >\n    \n<div class=\"e291-40 x-text x-text-headline\" >\n  <div class=\"x-text-content\"><div class=\"x-text-content-text\"><h2 class=\"x-text-content-text-primary\">HARVARD - DESEMPENHO COGNITIVO EM AMBIENTE VERDE<\/h2><\/div><\/div><\/div>\n  <\/div>\n<\/div>\n  <\/div>\n\n<div class=\"e291-41 x-row x-container max width\" >\n    <div class=\"x-row-inner\">\n<div class=\"e291-42 x-col\" >\n    \n<div class=\"e291-43 x-text resp-p-timeline\" >\n  <p style=\"text-align: justify;\">Este estudo revelou que o desempenho cognitivo dos ocupantes em ambientes verdes (green building) \u00e9 61% maior, em m\u00e9dia, do que os ocupantes que trabalharam em ambientes convencionais. Nos edif\u00edcios qualificados de maior pontua\u00e7\u00e3o verde \u00e9 os ocupantes alcan\u00e7am em m\u00e9dio o dobro do desempenho cognitivo. Medindo nove dom\u00ednios da fun\u00e7\u00e3o cognitiva, os pesquisadores descobriram que as maiores melhorias ocorreram nas \u00e1reas de: resposta a uma situa\u00e7\u00e3o de crise (pontua\u00e7\u00e3o 97% mais alta em condi\u00e7\u00f5es verdes e 131% mais alta em verde +); estrat\u00e9gia (183% e 288% maior); uso de informa\u00e7\u00f5es (172% e 299% maior).<\/p>\n<p><\/p><\/div>\n  <\/div>\n\n<div class=\"e291-44 x-col\" >\n    \n<span class=\"e291-45 x-image\" >\n  <img src=\"http:\/\/agrohome.com.br\/wp-content\/uploads\/2020\/12\/INDIA-PlantsBenefits.jpg\" width=\"500\" height=\"650\" alt=\"Image\" loading=\"lazy\" >\n<\/span>\n  <\/div>\n<\/div>\n  <\/div>\n\n<div class=\"e291-46 x-row x-container max width\" >\n    <div class=\"x-row-inner\">\n<div class=\"e291-47 x-col\" >\n    \n<a class=\"e291-48 x-anchor x-anchor-button\" tabindex=\"0\" href=\"http:\/\/agrohome.com.br\/wp-content\/uploads\/2020\/12\/Harward_Cognitve.pdf\" target=\"_blank\" >\n\n  \n    <div class=\"x-anchor-content\">\n            <div class=\"x-anchor-text\"><span class=\"x-anchor-text-primary\" >CLIQUE AQUI PARA AcESSAR O ESTUDO<\/span><\/div>          <\/div>\n\n        \n  \n<\/a>\n  <\/div>\n<\/div>\n  <\/div>\n    <\/div>\n\n<div class=\"e291-49 x-section\" id=\"EstudoDINAMARCA\" >\n      \n<div class=\"e291-50 x-row x-container max width\" >\n    <div class=\"x-row-inner\">\n<div class=\"e291-51 x-col\" >\n    \n<div class=\"e291-52 x-text x-text-headline\" >\n  <div class=\"x-text-content\"><div class=\"x-text-content-text\"><h2 class=\"x-text-content-text-primary\">DINAMARCA - PRODUTIVIDADE E QUALIDADE DO AR<\/h2><\/div><\/div><\/div>\n  <\/div>\n<\/div>\n  <\/div>\n\n<div class=\"e291-53 x-row x-container max width\" >\n    <div class=\"x-row-inner\">\n<div class=\"e291-54 x-col\" >\n    \n<div class=\"e291-55 x-text resp-p-timeline\" >\n  <p style=\"text-align: justify;\">A Universidade T\u00e9cnica da Dinamarca descobriu neste estudo que a m\u00e1 qualidade do ar reduz a produtividade dos ocupantes do ambiente em 6% a 9%. \u00c9 poss\u00edvel melhorar a QAI removendo fontes de polui\u00e7\u00e3o, aumentando a ventila\u00e7\u00e3o, utilizando ar condicionado e plantas para eliminar os poluentes. O fluxo e temperatura do ar demandam aumento de custo com energia. Assim a melhor solu\u00e7\u00e3o em termos de custo benef\u00edcio \u00e9 combinar estrat\u00e9gias. A utiliza\u00e7\u00e3o de algumas plantas espec\u00edficas, como a Espada de S\u00e3o Jorge, quando combinadas com outras medidas podem elevar o ganho de produtividade na ordem de 15%.<\/p><\/div>\n  <\/div>\n\n<div class=\"e291-56 x-col\" >\n    \n<span class=\"e291-57 x-image\" >\n  <img src=\"http:\/\/agrohome.com.br\/wp-content\/uploads\/2020\/12\/DINAMARCA-Produtividade.jpg\" width=\"500\" height=\"650\" alt=\"Image\" loading=\"lazy\" >\n<\/span>\n  <\/div>\n<\/div>\n  <\/div>\n\n<div class=\"e291-58 x-row x-container max width\" >\n    <div class=\"x-row-inner\">\n<div class=\"e291-59 x-col\" >\n    \n<a class=\"e291-60 x-anchor x-anchor-button\" tabindex=\"0\" href=\"http:\/\/agrohome.com.br\/wp-content\/uploads\/2020\/12\/DINAMARCA-Produtividade.pdf\" target=\"_blank\" >\n\n  \n    <div class=\"x-anchor-content\">\n            <div class=\"x-anchor-text\"><span class=\"x-anchor-text-primary\" >CLIQUE AQUI PARA AcESSAR O ESTUDO<\/span><\/div>          <\/div>\n\n        \n  \n<\/a>\n  <\/div>\n<\/div>\n  <\/div>\n    <\/div>\n<\/div>\n","protected":false},"excerpt":{"rendered":"<p>AQUI VOC&Ecirc; ENCONTRA OS ESTUDOSque subsidiam os conte&uacute;dos que abordamos aqui&nbsp; NASA &#8211; ESTUDO SOBRE PLANTAS E QUALIDADE DO AR Em 1989, o estudo denominado Landscape Plants for Indoor Air Pollution Abatement, conhecido como NASA Clean Air, conduzido pela ag&ecirc;ncia norte-americana espacial para buscar maneiras de limpar o ar em esta&ccedil;&otilde;es espaciais, identificou que algumas plantas como a Espada de &#8230; <\/p>\n<div><a href=\"https:\/\/agrohome.com.br\/?page_id=291\" class=\"more-link\">Read More<\/a><\/div>\n","protected":false},"author":1,"featured_media":0,"parent":0,"menu_order":0,"comment_status":"closed","ping_status":"closed","template":"template-blank-4.php","meta":[],"_links":{"self":[{"href":"https:\/\/agrohome.com.br\/index.php?rest_route=\/wp\/v2\/pages\/291"}],"collection":[{"href":"https:\/\/agrohome.com.br\/index.php?rest_route=\/wp\/v2\/pages"}],"about":[{"href":"https:\/\/agrohome.com.br\/index.php?rest_route=\/wp\/v2\/types\/page"}],"author":[{"embeddable":true,"href":"https:\/\/agrohome.com.br\/index.php?rest_route=\/wp\/v2\/users\/1"}],"replies":[{"embeddable":true,"href":"https:\/\/agrohome.com.br\/index.php?rest_route=%2Fwp%2Fv2%2Fcomments&post=291"}],"version-history":[{"count":30,"href":"https:\/\/agrohome.com.br\/index.php?rest_route=\/wp\/v2\/pages\/291\/revisions"}],"predecessor-version":[{"id":1125,"href":"https:\/\/agrohome.com.br\/index.php?rest_route=\/wp\/v2\/pages\/291\/revisions\/1125"}],"wp:attachment":[{"href":"https:\/\/agrohome.com.br\/index.php?rest_route=%2Fwp%2Fv2%2Fmedia&parent=291"}],"curies":[{"name":"wp","href":"https:\/\/api.w.org\/{rel}","templated":true}]}}